the highest common factor of q and 28.
7
Let y = -14 + 12. Let u be 10/(-2)*2/y. Let v = u + 4. Calculate the greatest common factor of v and 36.
9
Suppose 55 = 5*p - i - 0, 0 = 5*p - 3*i - 45. What is the highest common divisor of p and 996?
12
Let h = 706 - 702. Let x(f) = 4*f**2 - 4*f. Let z be x(6). Let w = z - 84. Calculate the greatest common factor of h and w.
4
Suppose 0 = -6*z + 2*z + 2*m + 16, 5*z - 5*m = 10. Let r = 299 + -289. Calculate the highest common factor of z and r.
2
Let p(h) = 3*h**2 - 3*h - 3. Suppose 18 = 6*y + 6. Suppose y*f + 6 = -f. Let v be p(f). Calculate the greatest common divisor of v and 135.
15
Let k be (210/40)/((-6)/(-128)). Suppose -5*d + 160 = -5*f, 2*d - d + 4*f = 12. Calculate the greatest common factor of k and d.
28
Let i be -30*30/(-8)*2. Calculate the greatest common divisor of i and 9.
9
Let o = 57537 + -57521. Let r = 1 - 9. Let x = -6 - r. What is the highest common divisor of o and x?
2
Suppose 4*o - l - 4075 = 0, 4 - 9 = -l. What is the highest common factor of 24 and o?
12
Suppose -4*x - 35 = -119. Suppose 5*m - 39 = x. Calculate the highest common factor of m and 6.
6
Suppose -5*x + 2*q = -50, 0 = -3*x + 4*q - 7*q + 51. Let t = -2761 - -2845. What is the greatest common divisor of t and x?
12
Let x be (-6)/9 - 56/(-3). Suppose 2*f - f - 3*r = -93, 5*f + 525 = 3*r. Let c be ((-5)/(-2))/((-6)/f). Calculate the highest common divisor of c and x.
9
Suppose 0 = -6*c + 9*c + 273. Let v = c + 201. Calculate the highest common divisor of v and 22.
22
Suppose -20 - 28 = -2*h. Let b be -1*(3 + -3 + -8). Suppose b = 5*a - 32. Calculate the greatest common factor of h and a.
8
Let x(a) = 78*a**2 - 854*a + 25. Let h be x(11). Let q be 55/20 + 1/4. Calculate the highest common factor of h and q.
3
Let v be (-1 - 0)/(2/(-10)). Suppose -3*t + v*t = 104. Calculate the highest common divisor of t and 26.
26
Let j(l) = -l**2 + 16*l - 6. Let d be j(16). Let u be (-30 + 14)*d/8. Calculate the highest common divisor of 108 and u.
12
Let g be 32/176 + (-40)/(-22). Calculate the highest common divisor of 11 and g.
1
Suppose 7*x - 16 = 12. Suppose j - 21 = -x*y + 2*y, 72 = 4*j + 4*y. What is the highest common factor of 105 and j?
15
Let y(k) = 6*k**2 - k. Let f be y(-2). Let o(p) = p + 2. Let a be o(0). Let x be a - (-9 - 2)/1. What is the highest common factor of x and f?
13
Let i be (-52)/2 + 0 + -4. Let u = i - -58. Let d be (-69)/(-21) + (-8)/u. Calculate the greatest common divisor of 6 and d.
3
Let f(a) = 15*a + 49. Let j be f(-3). What is the highest common divisor of 284 and j?
4
Suppose -322 = -f + 257. Let s = f + -219. Suppose s = 5*t - 0*t. What is the highest common divisor of 8 and t?
8
Let u(t) = 8*t - 35. Let z(i) = 3*i - 12. Let r(s) = -4*u(s) + 11*z(s). Let j be r(-4). Suppose 100 = a + j*a. What is the highest common divisor of a and 50?
10
Suppose -k = 3*l - 15, 0 = 2*l - 6*l + 4*k + 4. Let m be 310/25 + l/(-10). What is the highest common divisor of m and 48?
12
Let f be (-3)/9 - 1/(-3). Suppose -4*k - k - 40 = f. Let z be (-2)/(-4) + (-140)/k. What is the highest common divisor of z and 36?
18
Let q(y) = -y + 15. Let s be q(14). Suppose -4*d + 0*d = 112. Let l be -3 + s + d/(-2). Calculate the greatest common divisor of l and 30.
6
Suppose -t + 574 = -w, 5*t + 4*w - 3401 + 522 = 0. What is the highest common divisor of 69 and t?
23
Let i be ((-12)/14)/((-2)/56). Let g be (-75)/10*1*20/(-25). What is the highest common divisor of i and g?
6
Suppose -4*h = 0, 0*h - h = -5*s + 15. Suppose 2*k = -4*n + 32, 4*k - 8 = 2*n - s*n. Calculate the highest common divisor of 36 and n.
4
Let z = -903 - -912. What is the greatest common divisor of z and 39?
3
Let c(k) = 2*k**3 - 5*k**2 + 8*k - 69. Let u be c(4). Suppose 2*b + b = 231. Calculate the greatest common factor of b and u.
11
Let b = 24 + -24. Let q be (b + 4)*(-1)/2. Let a(x) = -4*x**3 + 2*x**2 + x - 2. Let w be a(q). What is the greatest common factor of 108 and w?
36
Let l(o) = -4*o**2 + 9. Let i be (0/(-5))/(2/((-4)/6)). Let p be l(i). Let s = -99 - -144. Calculate the highest common divisor of p and s.
9
Suppose 10*b - 12 = 9*b. Let z(r) = b - 10 + 3*r + 3*r**2 - 2*r + 5*r. Let f be z(-3). Calculate the greatest common divisor of 77 and f.
11
Let x(j) = 6*j**2 - 30*j - 27. Let n be x(9). Calculate the highest common factor of 105 and n.
21
Let i = 1471 - 1196. What is the greatest common factor of i and 5?
5
Let d(j) = -7*j**3 + 5*j**2 + 4*j - 1. Let t be d(-4). Suppose -5*a = t - 1446. Calculate the highest common divisor of 17 and a.
17
Suppose -r + 5 = 0, -2*r + 1 + 6 = 3*m. Let g be m*(-81 + -3 + 3). What is the highest common factor of g and 9?
9
Let g = -254 - -404. What is the greatest common divisor of g and 240?
30
Let l(p) = 36*p + 13. Let k be l(3). Let d = k - 58. What is the highest common divisor of d and 7?
7
Let v be (-2)/(-3) + -5*(-16)/60. Suppose 0 = v*u - 4*s - 8 - 10, -2*s = 0. Calculate the greatest common divisor of u and 36.
9
Let b = 643 + -636. Calculate the greatest common factor of b and 875.
7
Let g be ((-21)/6 - -1)*(-4)/(-2). Let y(x) = 2*x**3 + 8*x**2 - 11*x + 1. Let o be y(g). What is the greatest common divisor of 21 and o?
3
Let x = 15 - 33. Let k be x/4*(-66)/11. Let w be (-1 - -10)/(-1 - -2). Calculate the greatest common divisor of w and k.
9
Let t(g) = -4*g - 111. Let i be t(-38). Calculate the greatest common divisor of i and 1189.
41
Suppose -62 = c + 3*k, 3*c - 303 = 7*c + k. Let b = c - -126. What is the highest common divisor of b and 14?
7
Suppose 0 = 6*t - 57 - 9. Let q = -5 + t. What is the highest common divisor of 66 and q?
6
Let s = 439 + -215. What is the greatest common factor of s and 8?
8
Suppose -103 = -9*d - 31. What is the highest common factor of 8 and d?
8
Let y(s) = -2*s**3 - 7*s**2 - 2*s + 8. Let u be y(-4). Calculate the greatest common factor of 32 and u.
32
Let n = 15 - 16. Let m = n + 5. Suppose 4*w - 12 = -m. Calculate the highest common factor of w and 3.
1
Suppose -2*z + 1 = -9. Suppose 93*q = 92*q + 5. Calculate the greatest common factor of z and q.
5
Suppose 696 = -305*o + 356*o - 375. Let q(x) = -x - 6 - 2*x + 5. Let z be q(-5). What is the greatest common factor of o and z?
7
Suppose -2*o + 60 = 62, 2*q - 3*o - 19 = 0. Let f be (-3)/9 + 61/3. What is the greatest common factor of f and q?
4
Let h be -10 - (-2)/8*0. Let u = h + -16. Let o = 4 - u. What is the highest common divisor of 6 and o?
6
Let f(h) = -3*h**3 - 2*h**2 + 21*h + 101. Let q be f(-4). What is the greatest common factor of q and 9?
3
Suppose 0 = 4*m + u + u - 162, 5*m - 185 = u. Suppose 103 = 2*s - 5*d - m, 4*s = -5*d + 237. Let g = -7 + 16. What is the highest common factor of s and g?
9
Suppose -10*s + 1093 = -2747. What is the highest common factor of 240 and s?
48
Let y be 135/60 + 1/(-4). Suppose -y*s = s + 36. Let k be (-222)/s - (-1)/(-2). Calculate the highest common divisor of k and 90.
18
Suppose -4*g + 27 = 3*o - 7*g, 3*g + 17 = 2*o. Calculate the highest common factor of o and 5.
5
Suppose 12*n + 132 = 13*n. Let t be (-219)/(-18) - 2/12. What is the highest common factor of t and n?
12
Let s(f) = -13*f**3 - 9*f**2 + 17*f + 57. Let z be s(-5). Calculate the highest common factor of z and 147.
49
Let n(t) = 4*t + 1 - 8*t + 7*t. Let a be n(6). Suppose -5*r + 3*m = -63 + 11, a = 2*r - 3*m. Calculate the highest common divisor of 22 and r.
11
Suppose 0 = -9*z + 8*z + 70. Suppose x = w - 10, -w - 2*w - 5*x + z = 0. What is the greatest common divisor of w and 165?
15
Suppose 14*h = 2*s + 11*h - 225, -558 = -5*s + 6*h. Calculate the greatest common divisor of s and 864.
108
Let v be -3*(0 - (3 - 1)). Suppose -3 = 3*o - 30. Calculate the greatest common factor of v and o.
3
Let c = -47 - -3. Let i be (c/(-11))/(2/4). Let u be ((-4)/i)/((-4)/192). Calculate the greatest common divisor of 3 and u.
3
Let y(w) = 2*w**3 - 10. Let g be y(5). Calculate the highest common divisor of 15 and g.
15
Let k = 39 + -47. Let d(j) = j**3 + 8*j**2 - 4*j + 5. Let v be d(k). What is the highest common factor of 37 and v?
37
Suppose 0*y = 3*y - 120. Suppose c = y - 0. Calculate the greatest common factor of 5 and c.
5
Suppose 2*v - 4*c = 3252, 3*v + 2*v - 8151 = 3*c. What is the highest common divisor of 51 and v?
51
Le